{"id":272,"date":"2025-03-15T10:18:43","date_gmt":"2025-03-15T09:18:43","guid":{"rendered":"https:\/\/www.heydetto.com\/?page_id=272"},"modified":"2025-03-15T10:19:12","modified_gmt":"2025-03-15T09:19:12","slug":"szia-merre-mesz-mit-csinalsz","status":"publish","type":"page","link":"https:\/\/www.heydetto.com\/?page_id=272","title":{"rendered":"Szia! Merre m\u00e9sz? Mit csin\u00e1lsz?"},"content":{"rendered":"\n<p>\u00c9rdekl\u0151dve keresel m\u00e1sokat, hogy tal\u00e1lj t\u00e1rsakat a munk\u00e1dhoz, utaz\u00e1shoz vagy elhivatott tev\u00e9kenys\u00e9gedhez?<\/p>\n\n\n\n<p>Els\u0151 sorban egyszer\u0171 kapcsolatfelv\u00e9telben seg\u00edt ez a weboldal a h\u00e9tk\u00f6znapjaidban, de sz\u00e1mos m\u00e1s el\u0151nnyel j\u00e1r, ha becsatlakozol vagy egyszer\u0171en csak itt keresel fel m\u00e1sokat. Kiket, vagy miben m\u00e1sokat, illetve legink\u00e1bb az lenne a k\u00e9rd\u00e9s, miben hasonl\u00f3kat tal\u00e1lunk embert\u00e1rsaink k\u00f6z\u00f6tt. Rengeteg olyan szoci\u00e1l-m\u00e9dia weboldal l\u00e9tezik, ahol \u00f6sszehozz\u00e1k az embereket, \u00e9s igyekeznek a hasonl\u00f3 \u00e9rdekl\u0151d\u00e9s\u0171 k\u00f6rrel \u00e9rdekelteket \u00f6sszehozni. Ez a weboldal m\u00e1s lenne? Mi\u00e9rt lehetne ez t\u00f6bb, mint a t\u00f6bbi?<\/p>\n\n\n\n<p>Nos, a l\u00e9nyeg benn\u00fcnk van! Az embereknek kell egym\u00e1s ir\u00e1nt nyitottabbaknak lenni\u00fck \u00e9s tudniuk kapcsol\u00f3dni egym\u00e1shoz. Ez a weboldal csak eszk\u00f6zt szeretne ehhez ny\u00fajtani \u00e9s id\u0151vel persze az oldal l\u00e1togatotts\u00e1ga lecs\u00f6kken, amint megtal\u00e1lt\u00e1tok egym\u00e1st \u00e9s k\u00f6lcs\u00f6n\u00f6sen egy\u00fctt tudtok dolgozni. Nem kell mindig m\u00e1st keresni, elegend\u0151 egy-egy embert tal\u00e1lni a meg\u00e9lhet\u00e9shez \u00e9s az \u00e9let\u00fcnk sor\u00e1n \u00f6sszedolgozni!<\/p>\n\n\n\n<p>Teh\u00e1t, keresd meg a t\u00e1rsad \u00e9s l\u00e9pj tov\u00e1bb, l\u00e9gy boldog! Hanem k\u00e9s\u0151bb egy-egy lelkes\u00edt\u0151 cikk meg\u00edr\u00e1s\u00e1val halljak r\u00f3lad! Tedd m\u00e1soknak is boldogg\u00e1 napjait a te boldogs\u00e1goddal!<\/p>\n","protected":false},"excerpt":{"rendered":"<p>\u00c9rdekl\u0151dve keresel m\u00e1sokat, hogy tal\u00e1lj t\u00e1rsakat a munk\u00e1dhoz, utaz\u00e1shoz vagy elhivatott tev\u00e9kenys\u00e9gedhez? Els\u0151 sorban egyszer\u0171 kapcsolatfelv\u00e9telben seg\u00edt ez a weboldal a h\u00e9tk\u00f6znapjaidban, de sz\u00e1mos m\u00e1s el\u0151nnyel j\u00e1r, ha becsatlakozol vagy egyszer\u0171en csak itt keresel fel m\u00e1sokat. Kiket, vagy miben m\u00e1sokat, illetve legink\u00e1bb az lenne a k\u00e9rd\u00e9s, miben hasonl\u00f3kat tal\u00e1lunk embert\u00e1rsaink&#8230; <a class=\"continue-reading-link\" href=\"https:\/\/www.heydetto.com\/?page_id=272\"> Continue reading <span class=\"meta-nav\">&rarr; <\/span><\/a><\/p>\n","protected":false},"author":1,"featured_media":0,"parent":2,"menu_order":1,"comment_status":"closed","ping_status":"closed","template":"","meta":{"iawp_total_views":8,"footnotes":""},"class_list":["post-272","page","type-page","status-publish","hentry"],"_links":{"self":[{"href":"https:\/\/www.heydetto.com\/index.php?rest_route=\/wp\/v2\/pages\/272","targetHints":{"allow":["GET"]}}],"collection":[{"href":"https:\/\/www.heydetto.com\/index.php?rest_route=\/wp\/v2\/pages"}],"about":[{"href":"https:\/\/www.heydetto.com\/index.php?rest_route=\/wp\/v2\/types\/page"}],"author":[{"embeddable":true,"href":"https:\/\/www.heydetto.com\/index.php?rest_route=\/wp\/v2\/users\/1"}],"replies":[{"embeddable":true,"href":"https:\/\/www.heydetto.com\/index.php?rest_route=%2Fwp%2Fv2%2Fcomments&post=272"}],"version-history":[{"count":2,"href":"https:\/\/www.heydetto.com\/index.php?rest_route=\/wp\/v2\/pages\/272\/revisions"}],"predecessor-version":[{"id":274,"href":"https:\/\/www.heydetto.com\/index.php?rest_route=\/wp\/v2\/pages\/272\/revisions\/274"}],"up":[{"embeddable":true,"href":"https:\/\/www.heydetto.com\/index.php?rest_route=\/wp\/v2\/pages\/2"}],"wp:attachment":[{"href":"https:\/\/www.heydetto.com\/index.php?rest_route=%2Fwp%2Fv2%2Fmedia&parent=272"}],"curies":[{"name":"wp","href":"https:\/\/api.w.org\/{rel}","templated":true}]}}