{"id":275,"date":"2025-03-15T10:17:19","date_gmt":"2025-03-15T09:17:19","guid":{"rendered":"https:\/\/www.heydetto.com\/?page_id=275"},"modified":"2025-03-15T10:19:21","modified_gmt":"2025-03-15T09:19:21","slug":"csatlakozhatok-hozzad-segithetek","status":"publish","type":"page","link":"https:\/\/www.heydetto.com\/?page_id=275","title":{"rendered":"Csatlakozhatok hozz\u00e1d? Seg\u00edthetek?"},"content":{"rendered":"\n<p>Rengeteg energi\u00e1d van, de nincs hova befektetned ezt az er\u0151t? Szeretn\u00e9l alkotni, de a saj\u00e1t port\u00e1don m\u00e1r nincs erre hely vagy lehet\u0151s\u00e9g? Esetleg a meg\u00e9lhet\u00e9s\u00e9rt, a minden napi betev\u0151\u00e9rt keresel cserelehet\u0151s\u00e9geket? Utaz\u00e1shoz keresel m\u00e1sokat, kik ugyanazt az utat j\u00e1rj\u00e1k?<\/p>\n\n\n\n<p>Ez nem munka, nincs p\u00e9nz, mi ellen\u00e9rt\u00e9ket adna az\u00e9rt a csod\u00e1\u00e9rt, amit tudunk egym\u00e1s\u00e9rt tenni. Valamit valami\u00e9rt, de legink\u00e1bb konkr\u00e9t, aktu\u00e1lis sz\u00fcks\u00e9gleteket kiel\u00e9g\u00edtve tudjuk egym\u00e1st t\u00e1mogatni. Persze mindenki maga d\u00f6nti el, milyen m\u00f3don \u00e9s hogyan oldja meg a csere\u00e9rt\u00e9keket, de igyekezz\u00fcnk nyitottak lenni, hogy miel\u0151bb kider\u00fclj\u00f6n a m\u00e1sik sz\u00e1m\u00e1ra, miben tudna nek\u00fcnk seg\u00edteni, a mi seg\u00edts\u00e9g\u00fcnk\u00e9rt cser\u00e9be.<\/p>\n\n\n\n<p><a href=\"https:\/\/www.heydetto.com\/?p=278\">Dett\u00f3<\/a> c\u00edmsz\u00f3 alatt aj\u00e1nld fel a m\u00e1sok \u00e1ltat feltett, vagy ak\u00e1r fel sem tett k\u00e9r\u00e9s\u00e9re a szolg\u00e1lataidat. A k\u00e9r\u00e9st pedig H\u00e9! c\u00edmsz\u00f3 alatt keresd, hogy ki, mire k\u00e9ri figyelm\u00fcnket a felsz\u00f3l\u00edt\u00e1ssal.<\/p>\n\n\n\n<p>Aki pedig a felsz\u00f3l\u00edt\u00e1st szeretn\u00e9 tenni, \u00edrjon a <a href=\"https:\/\/www.heydetto.com\/?p=58\">H\u00e9!<\/a> c\u00edmsz\u00f3 alatt, hogy mire szeretn\u00e9 felk\u00e9rni a m\u00e1sikat!<\/p>\n","protected":false},"excerpt":{"rendered":"<p>Rengeteg energi\u00e1d van, de nincs hova befektetned ezt az er\u0151t? Szeretn\u00e9l alkotni, de a saj\u00e1t port\u00e1don m\u00e1r nincs erre hely vagy lehet\u0151s\u00e9g? Esetleg a meg\u00e9lhet\u00e9s\u00e9rt, a minden napi betev\u0151\u00e9rt keresel cserelehet\u0151s\u00e9geket? Utaz\u00e1shoz keresel m\u00e1sokat, kik ugyanazt az utat j\u00e1rj\u00e1k? Ez nem munka, nincs p\u00e9nz, mi ellen\u00e9rt\u00e9ket adna az\u00e9rt a csod\u00e1\u00e9rt,&#8230; <a class=\"continue-reading-link\" href=\"https:\/\/www.heydetto.com\/?page_id=275\"> Continue reading <span class=\"meta-nav\">&rarr; <\/span><\/a><\/p>\n","protected":false},"author":1,"featured_media":0,"parent":2,"menu_order":2,"comment_status":"closed","ping_status":"closed","template":"","meta":{"iawp_total_views":7,"footnotes":""},"class_list":["post-275","page","type-page","status-publish","hentry"],"_links":{"self":[{"href":"https:\/\/www.heydetto.com\/index.php?rest_route=\/wp\/v2\/pages\/275","targetHints":{"allow":["GET"]}}],"collection":[{"href":"https:\/\/www.heydetto.com\/index.php?rest_route=\/wp\/v2\/pages"}],"about":[{"href":"https:\/\/www.heydetto.com\/index.php?rest_route=\/wp\/v2\/types\/page"}],"author":[{"embeddable":true,"href":"https:\/\/www.heydetto.com\/index.php?rest_route=\/wp\/v2\/users\/1"}],"replies":[{"embeddable":true,"href":"https:\/\/www.heydetto.com\/index.php?rest_route=%2Fwp%2Fv2%2Fcomments&post=275"}],"version-history":[{"count":2,"href":"https:\/\/www.heydetto.com\/index.php?rest_route=\/wp\/v2\/pages\/275\/revisions"}],"predecessor-version":[{"id":280,"href":"https:\/\/www.heydetto.com\/index.php?rest_route=\/wp\/v2\/pages\/275\/revisions\/280"}],"up":[{"embeddable":true,"href":"https:\/\/www.heydetto.com\/index.php?rest_route=\/wp\/v2\/pages\/2"}],"wp:attachment":[{"href":"https:\/\/www.heydetto.com\/index.php?rest_route=%2Fwp%2Fv2%2Fmedia&parent=275"}],"curies":[{"name":"wp","href":"https:\/\/api.w.org\/{rel}","templated":true}]}}